 divide 4788?
True
Does 46 divide 70?
False
Is 3569 a multiple of 11?
False
Is 4 a factor of 119?
False
Is 11339 a multiple of 23?
True
Is 122 a multiple of 10?
False
Does 7 divide 9763?
False
Is 61 a factor of 445?
False
Is 132 a multiple of 11?
True
Is 2610 a multiple of 145?
True
Is 1716 a multiple of 78?
True
Does 48 divide 2303?
False
Does 17 divide 9671?
False
Is 660 a multiple of 60?
True
Does 103 divide 22866?
True
Does 45 divide 64123?
False
Does 26 divide 3045?
False
Does 194 divide 6596?
True
Does 25 divide 6352?
False
Does 118 divide 3806?
False
Does 14 divide 868?
True
Does 35 divide 11627?
False
Is 3196 a multiple of 47?
True
Does 19 divide 1195?
False
Is 600 a multiple of 40?
True
Is 45652 a multiple of 145?
False
Is 12960 a multiple of 15?
True
Is 6140 a multiple of 2?
True
Does 203 divide 33747?
False
Is 12214 a multiple of 177?
False
Does 18 divide 29773?
False
Is 4525 a multiple of 93?
False
Is 754 a multiple of 26?
True
Is 19320 a multiple of 105?
True
Is 3134 a multiple of 50?
False
Does 12 divide 4176?
True
Is 7 a factor of 720?
False
Does 21 divide 86?
False
Is 21 a factor of 420?
True
Does 11 divide 21098?
True
Is 48 a factor of 2184?
False
Is 16 a factor of 13520?
True
Is 36750 a multiple of 35?
True
Is 13 a factor of 11843?
True
Does 98 divide 31669?
False
Is 50 a factor of 16029?
False
Is 27 a factor of 26082?
True
Is 28 a factor of 980?
True
Is 47577 a multiple of 15?
False
Does 11 divide 4692?
False
Is 3529 a multiple of 2?
False
Is 12 a factor of 3480?
True
Is 72 a factor of 4464?
True
Is 13 a factor of 40144?
True
Is 3386 a multiple of 44?
False
Does 73 divide 438?
True
Does 26 divide 832?
True
Is 49 a factor of 1006?
False
Is 12740 a multiple of 13?
True
Does 9 divide 19755?
True
Does 2 divide 136?
True
Does 23 divide 1102?
False
Is 27 a factor of 1134?
True
Is 12 a factor of 4344?
True
Is 31 a factor of 34596?
True
Does 5 divide 2225?
True
Is 14 a factor of 504?
True
Does 14 divide 132?
False
Is 17 a factor of 691?
False
Is 980 a multiple of 20?
True
Is 79 a factor of 2290?
False
Does 20 divide 2860?
True
Is 4 a factor of 160?
True
Is 16 a factor of 5229?
False
Does 4 divide 786?
False
Is 51 a factor of 9435?
True
Is 13915 a multiple of 121?
True
Does 45 divide 11891?
False
Is 6283 a multiple of 103?
True
Does 4 divide 3556?
True
Is 69 a multiple of 4?
False
Is 30 a factor of 1508?
False
Does 14 divide 461?
False
Does 18 divide 7074?
True
Is 77777 a multiple of 41?
True
Is 75724 a multiple of 13?
False
Is 12 a factor of 289?
False
Does 101 divide 1313?
True
Is 36181 a multiple of 373?
True
Does 73 divide 1918?
False
Is 83810 a multiple of 34?
True
Is 24 a factor of 6312?
True
Does 121 divide 6402?
False
Is 44 a factor of 850?
False
Does 15 divide 6606?
False
Does 33 divide 2211?
True
Does 100 divide 4192?
False
Is 149 a factor of 15873?
False
Is 15 a factor of 6120?
True
Is 21991 a multiple of 16?
False
Does 9 divide 673?
False
Does 54 divide 2860?
False
Is 704 a multiple of 64?
True
Is 5 a factor of 509?
False
Is 33817 a multiple of 51?
False
Does 8 divide 166?
False
Does 17 divide 2023?
True
Is 40 a factor of 8257?
False
Does 89 divide 74454?
False
Is 460 a multiple of 5?
True
Is 14 a factor of 12782?
True
Is 21 a factor of 336?
True
Is 15210 a multiple of 30?
True
Is 42 a factor of 3822?
True
Is 3 a factor of 92?
False
Is 38520 a multiple of 72?
True
Is 281 a multiple of 7?
False
Is 153 a factor of 153?
True
Is 26 a factor of 9420?
False
Does 7 divide 10161?
False
Does 17 divide 13948?
False
Does 19 divide 437?
True
Is 58 a factor of 232?
True
Is 29 a factor of 72745?
False
Is 97 a factor of 3395?
True
Does 15 divide 360?
True
Does 29 divide 145?
True
Is 3990 a multiple of 42?
True
Does 17 divide 14353?
False
Is 16 a factor of 31709?
False
Is 70 a factor of 2187?
False
Is 224 a multiple of 18?
False
Is 6 a factor of 6?
True
Does 27 divide 397?
False
Does 14 divide 1598?
False
Does 25 divide 91900?
True
Does 114 divide 90311?
False
Is 7 a factor of 17514?
True
Is 26 a multiple of 2?
True
Is 21 a factor of 2230?
False
Is 17 a factor of 49513?
False
Is 46 a factor of 363?
False
Is 32 a factor of 930?
False
Is 35 a factor of 9989?
False
Is 24 a factor of 1032?
True
Does 25 divide 50425?
True
Is 18480 a multiple of 80?
True
Is 29458 a multiple of 13?
True
Is 17 a factor of 328?
False
Is 41 a factor of 27531?
False
Is 26612 a multiple of 18?
False
Is 38 a factor of 114?
True
Is 17 a factor of 1188?
False
Is 56 a multiple of 53?
False
Is 2810 a multiple of 54?
False
Does 7 divide 581?
True
Does 81 divide 7695?
True
Does 6 divide 21690?
True
Does 20 divide 1821?
False
Is 31 a factor of 2728?
True
Is 2 a factor of 2528?
True
Is 69 a factor of 483?
True
Is 14 a factor of 67536?
True
Does 15 divide 675?
True
Does 31 divide 2387?
True
Is 18 a factor of 12726?
True
Is 8358 a multiple of 21?
True
Is 2925 a multiple of 16?
False
Does 7 divide 346?
False
Is 8177 even?
False
Does 24 divide 35810?
False
Is 13230 a multiple of 18?
True
Is 100 a factor of 1957?
False
Is 7 a factor of 8406?
False
Does 17 divide 36397?
True
Does 38 divide 1254?
True
Is 13 a factor of 7384?
True
Is 10246 a multiple of 155?
False
Is 33 a factor of 528?
True
Is 420 a multiple of 8?
False
Is 501 a multiple of 53?
False
Is 43 a factor of 21242?
True
Is 300 a multiple of 15?
True
Does 6 divide 2613?
False
Does 7 divide 35?
True
Is 6 a factor of 219?
False
Does 9 divide 1170?
True
Is 41 a factor of 164?
True
Is 660 a multiple of 22?
True
Is 15360 a multiple of 192?
True
Is 8203 even?
False
Does 3 divide 1079?
False
Does 34 divide 204?
True
Is 92 a factor of 8464?
True
Is 30189 a multiple of 25?
False
Is 2526 a multiple of 6?
True
Is 14191 a multiple of 15?
False
Does 13 divide 2002?
True
Is 6300 a multiple of 25?
True
Does 122 divide 43432?
True
Does 8 divide 380?
False
Does 27 divide 729?
True
Is 936 a multiple of 36?
True
Does 9 divide 1236?
False
Is 76 a factor of 1501?
False
Does 5 divide 904?
False
Is 6060 a multiple of 10?
True
Is 3280 a multiple of 10?
True
Is 328 a factor of 41780?
False
Is 10 a factor of 316?
False
Does 10 divide 228?
False
Is 23439 a multiple of 13?
True
Is 17 a factor of 289?
True
Is 58 a factor of 1420?
False
Does 2 divide 3758?
True
Is 19 a factor of 1763?
False
Is 24 a factor of 5574?
False
Does 20 divide 409?
False
Does 157 divide 785?
True
Is 14 a factor of 2870?
True
Is 8 a factor of 6709?
False
Is 8 a factor of 773?
False
Is 26 a factor of 238?
False
Is 15 a factor of 5157?
False
Does 5 divide 500?
True
Does 357 divide 75684?
True
Is 34 a factor of 25908?
True
Is 4672 a multiple of 16?
True
Does 16 divide 73378?
False
Is 4 a factor of 163?
False
Is 44 a factor of 161?
False
Does 9 divide 442?
False
Is 17 a factor of 366?
False
Does 4 divide 773?
False
Does 20 divide 1168?
False
Is 13365 a multiple of 45?
True
Is 13 a factor of 12166?
False
Does 20 divide 11560?
True
Does 2 divide 11196?
True
Is 18 a factor of 30273?
False
Does 25 divide 300?
True
Does 16 divide 269?
False
Is 3 a factor of 25?
False
Does 42 divide 18480?
True
Is 13 a factor of 1177?
False
Is 54 a factor of 5994?
True
Is 496 a multiple of 35?
False
Is 208 a multiple of 48?
False
Is 6398 a multiple of 9?
False
Is 2719 a multiple of 41?
False
Does 63 divide 5481?
True
Is 3930 a multiple of 105?
False
Does 5 divide 165?
True
Is 12 a factor of 48060?
True
Is 9666 a multiple of 231?
False
Is 458 a multiple of 31?
False
Does 14 divide 3682?
True
Does 12 divide 34171?
False
Does 19 divide 9405?
True
Does 27 divide 3213?
True
Does 23 divide 490?
False
Does 55 divide 37345?
True
Is 17 a factor of 8688?
False
Is 211 a factor of 38824?
True
Does 29 divide 8062?
True
Is 25356 a multiple of 11?
False
Does 12 divide 1647?
False
Is 241 a multiple of 3?
False
Is 125056 a multiple of 55?
False
Is 4 a factor of 56?
True
Is 5832 a multiple of 12?
True
Does 8 divide 240?
True
Is 100 a multiple of 45?
False
Is 2163 a multiple of 4?
False
Is 11 a factor of 959?
False
Is 144 a multiple of 24?
True
Is 18600 a multiple of 75?
True
Is 47606 a multiple of 19?
False
Does 32 divide 3637?
False
Is 2736 a multiple of 48?
True
Does 4 divide 864?
True
Does 6 divide 1208?
False
Is 67884 a multiple of 67?
False
Is 59 a factor of 1214?
False
Does 110 divide 4290?
True
Is 1782 a multip